{"id":31,"date":"2026-05-04T20:50:14","date_gmt":"2026-05-04T20:50:14","guid":{"rendered":"https:\/\/www.host204454.stronawcal.pl\/?page_id=31"},"modified":"2026-05-06T10:29:51","modified_gmt":"2026-05-06T10:29:51","slug":"rytm-dnia","status":"publish","type":"page","link":"https:\/\/www.przedszkoleznatury.pl\/index.php\/dla-rodzicow\/rytm-dnia\/","title":{"rendered":"Rytm dnia"},"content":{"rendered":"\n<p><strong>Sta\u0142y rytm dnia, kt\u00f3ry daje dziecku poczucie bezpiecze\u0144stwa<\/strong><\/p>\n\n\n\n<p>Ka\u017cdy dzie\u0144 w naszej grupie ma sw\u00f3j spokojny, przewidywalny rytm.<br>Powtarzalno\u015b\u0107 codziennych wydarze\u0144 pomaga dziecku odnale\u017a\u0107 si\u0119 w przedszkolnej rzeczywisto\u015bci, buduje poczucie bezpiecze\u0144stwa i wspiera naturalny rozw\u00f3j.<\/p>\n\n\n\n<p><strong>Swobodna zabawa<\/strong><\/p>\n\n\n\n<p>Swobodna zabawa to wa\u017cny czas dzieci\u0119cej aktywno\u015bci.<br>To w\u0142a\u015bnie wtedy dziecko rozwija wyobra\u017ani\u0119, uczy si\u0119 budowania relacji, wsp\u00f3\u0142pracy, rozmowy i negocjacji. Poprzez zabaw\u0119 poznaje \u015bwiat, odtwarza codzienne sytuacje, \u0107wiczy role spo\u0142eczne i uczy si\u0119 rozumie\u0107 siebie oraz innych.<\/p>\n\n\n\n<p>To tak\u017ce czas, w kt\u00f3rym dzieci rozwijaj\u0105 kreatywno\u015b\u0107 i samodzielno\u015b\u0107.<\/p>\n\n\n\n<p>W czasie swobodnej zabawy ciocie wykonuj\u0105 w obecno\u015bci dzieci codzienne czynno\u015bci \u2013 porz\u0105dkuj\u0105 sal\u0119, szykuj\u0105 lub naprawiaj\u0105 zabawki, szyj\u0105, tworz\u0105 (cz\u0119sto przy tym \u015bpiewaj\u0105c). Dzieci obserwuj\u0105, na\u015bladuj\u0105 i s\u0105 naturalnie w\u0142\u0105czane w te dzia\u0142ania. Dzi\u0119ki temu ucz\u0105 si\u0119 nowych umiej\u0119tno\u015bci w spos\u00f3b spontaniczny i niewymuszony &#8211; z w\u0142asnej ciekawo\u015bci, potrzeby dzia\u0142ania i rado\u015bci odkrywania.<br>W\u0142\u0105czaj\u0105c si\u0119 w codzienne czynno\u015bci i aktywno\u015bci wykonywane przez doros\u0142ych, dziecko do\u015bwiadcza, \u017ce potrafi dzia\u0142a\u0107, tworzy\u0107 i mie\u0107 realny wp\u0142yw na swoje otoczenie.<br>To w\u0142a\u015bnie w takich prostych do\u015bwiadczeniach rodzi si\u0119 poczucie sprawczo\u015bci &#8211; dziecko widzi sens swojego dzia\u0142ania, uczy si\u0119 samodzielno\u015bci i buduje zaufanie do w\u0142asnych mo\u017cliwo\u015bci.<\/p>\n\n\n\n<p>W swobodnej zabawie dziecko realizuje r\u00f3wnie\u017c w\u0142asne pomys\u0142y &#8211; planuje, organizuje dzia\u0142anie, wsp\u00f3\u0142pracuje z innymi i uczy si\u0119 rozwi\u0105zywa\u0107 pojawiaj\u0105ce si\u0119 trudno\u015bci.<br>To w\u0142a\u015bnie w zabawie buduje relacj\u0119 ze \u015bwiatem, z innymi i z samym sob\u0105.<\/p>\n\n\n\n<p><strong>Korow\u00f3d<\/strong><\/p>\n\n\n\n<p>Korow\u00f3d to czas wsp\u00f3lnych zabaw w kole, ruch, rytm i na\u015bladowanie.<br>W korowodzie dzieci poznaj\u0105 wiersze, piosenki, zabawy paluszkowe i opowie\u015bci zwi\u0105zane z porami roku oraz otaczaj\u0105cym \u015bwiatem.<br>To czas wsp\u00f3lnoty, uwa\u017cno\u015bci i budowania rytmu grupy.<\/p>\n\n\n\n<p><strong>Drugie \u015bniadanie<\/strong><\/p>\n\n\n\n<p>Drugie \u015bniadanie to wsp\u00f3lny posi\u0142ek przy stole.<br>Dzieci ucz\u0105 si\u0119 dobrych nawyk\u00f3w, kultury jedzenia, stosowania zwrot\u00f3w grzeczno\u015bciowych, rozmowy, dzielenia si\u0119 i prostych rytua\u0142\u00f3w.<br><br><\/p>\n\n\n\n<p><strong>Zabawa w ogrodzie<\/strong><\/p>\n\n\n\n<p>Codziennie wychodzimy na dw\u00f3r &#8211; do naszego pi\u0119knego, du\u017cego ogrodu (pi\u0105tki sp\u0119dzamy w lesie).<\/p>\n\n\n\n<p>Pobyt na \u015bwie\u017cym powietrzu to naturalna potrzeba dziecka &#8211; czas ruchu, swobody, obserwacji i do\u015bwiadczania \u015bwiata wszystkimi zmys\u0142ami.<br>Dzieci bawi\u0105 si\u0119, biegaj\u0105, wspinaj\u0105, obserwuj\u0105 zmieniaj\u0105c\u0105 si\u0119 przyrod\u0119 i ucz\u0105 si\u0119 poprzez bezpo\u015bredni kontakt z natur\u0105.<\/p>\n\n\n\n<p>To tak\u017ce czas wsp\u00f3lnych prac w ogrodzie &#8211; sadzenia, podlewania, grabienia i troski o otoczenie.<br>Dbamy o to, by dzieci mog\u0142y poznawa\u0107 \u015bwiat tak\u017ce poprzez zmys\u0142y &#8211; w bezpo\u015brednim do\u015bwiadczeniu, a nie tylko poprzez opowie\u015b\u0107 czy instrukcj\u0119.<br>Dotykanie drewna, przesypywanie piasku, lepienie wosku, kontakt z wod\u0105, ziemi\u0105 i naturalnymi materia\u0142ami pozwala dziecku poznawa\u0107 \u015bwiat w spos\u00f3b prawdziwy, pe\u0142ny i zgodny z jego rozwojem.<\/p>\n\n\n\n<p>To w\u0142a\u015bnie poprzez dzia\u0142anie, ruch i do\u015bwiadczenie dziecko buduje najg\u0142\u0119bsze rozumienie \u015bwiata.<\/p>\n\n\n\n<p><strong>Popo\u0142udniowy odpoczynek<\/strong><\/p>\n\n\n\n<p>Po intensywnym przedpo\u0142udniu przychodzi czas na wyciszenie.<br>To spokojny moment odpoczynku, cichej muzyki, \u015bpiewu, \u0142agodnych rozm\u00f3w i regeneracji.<br>Dzieci maj\u0105 przestrze\u0144, by uspokoi\u0107 cia\u0142o i emocje.<\/p>\n\n\n\n<p><strong>Ba\u015b\u0144 na zako\u0144czenie dnia<\/strong><\/p>\n\n\n\n<p>Dzie\u0144 ko\u0144czy si\u0119 ba\u015bni\u0105 opowiadan\u0105 przez cioci\u0119.<\/p>\n\n\n\n<p>Ta sama opowie\u015b\u0107 towarzyszy dzieciom przez ca\u0142y tydzie\u0144, odpowiadaj\u0105c na dzieci\u0119c\u0105 potrzeb\u0119 powtarzalno\u015bci i przewidywalno\u015bci.<br>Powracaj\u0105ca ba\u015b\u0144 wspiera pami\u0119\u0107, koncentracj\u0119 i wyobra\u017ani\u0119, a tak\u017ce pozwala dziecku g\u0142\u0119biej prze\u017cywa\u0107 i rozumie\u0107 jej tre\u015b\u0107.<\/p>\n\n\n\n<p>To wa\u017cny moment wyciszenia, skupienia i domkni\u0119cia dnia.<\/p>\n","protected":false},"excerpt":{"rendered":"<p>Sta\u0142y rytm dnia, kt\u00f3ry daje dziecku poczucie bezpiecze\u0144stwa Ka\u017cdy dzie\u0144 w naszej grupie ma sw\u00f3j spokojny, przewidywalny rytm.Powtarzalno\u015b\u0107 codziennych wydarze\u0144 [&hellip;]<\/p>\n","protected":false},"author":1,"featured_media":0,"parent":17,"menu_order":5,"comment_status":"closed","ping_status":"closed","template":"","meta":{"site-sidebar-layout":"default","site-content-layout":"","ast-site-content-layout":"default","site-content-style":"default","site-sidebar-style":"default","ast-global-header-display":"","ast-banner-title-visibility":"","ast-main-header-display":"","ast-hfb-above-header-display":"","ast-hfb-below-header-display":"","ast-hfb-mobile-header-display":"","site-post-title":"","ast-breadcrumbs-content":"","ast-featured-img":"","footer-sml-layout":"","ast-disable-related-posts":"","theme-transparent-header-meta":"","adv-header-id-meta":"","stick-header-meta":"","header-above-stick-meta":"","header-main-stick-meta":"","header-below-stick-meta":"","astra-migrate-meta-layouts":"default","ast-page-background-enabled":"default","ast-page-background-meta":{"desktop":{"background-color":"var(--ast-global-color-5)","background-image":"","background-repeat":"repeat","background-position":"center center","background-size":"auto","background-attachment":"scroll","background-type":"","background-media":"","overlay-type":"","overlay-color":"","overlay-opacity":"","overlay-gradient":""},"tablet":{"background-color":"","background-image":"","background-repeat":"repeat","background-position":"center center","background-size":"auto","background-attachment":"scroll","background-type":"","background-media":"","overlay-type":"","overlay-color":"","overlay-opacity":"","overlay-gradient":""},"mobile":{"background-color":"","background-image":"","background-repeat":"repeat","background-position":"center center","background-size":"auto","background-attachment":"scroll","background-type":"","background-media":"","overlay-type":"","overlay-color":"","overlay-opacity":"","overlay-gradient":""}},"ast-content-background-meta":{"desktop":{"background-color":"var(--ast-global-color-4)","background-image":"","background-repeat":"repeat","background-position":"center center","background-size":"auto","background-attachment":"scroll","background-type":"","background-media":"","overlay-type":"","overlay-color":"","overlay-opacity":"","overlay-gradient":""},"tablet":{"background-color":"var(--ast-global-color-4)","background-image":"","background-repeat":"repeat","background-position":"center center","background-size":"auto","background-attachment":"scroll","background-type":"","background-media":"","overlay-type":"","overlay-color":"","overlay-opacity":"","overlay-gradient":""},"mobile":{"background-color":"var(--ast-global-color-4)","background-image":"","background-repeat":"repeat","background-position":"center center","background-size":"auto","background-attachment":"scroll","background-type":"","background-media":"","overlay-type":"","overlay-color":"","overlay-opacity":"","overlay-gradient":""}},"footnotes":""},"class_list":["post-31","page","type-page","status-publish","hentry"],"_links":{"self":[{"href":"https:\/\/www.przedszkoleznatury.pl\/index.php\/wp-json\/wp\/v2\/pages\/31","targetHints":{"allow":["GET"]}}],"collection":[{"href":"https:\/\/www.przedszkoleznatury.pl\/index.php\/wp-json\/wp\/v2\/pages"}],"about":[{"href":"https:\/\/www.przedszkoleznatury.pl\/index.php\/wp-json\/wp\/v2\/types\/page"}],"author":[{"embeddable":true,"href":"https:\/\/www.przedszkoleznatury.pl\/index.php\/wp-json\/wp\/v2\/users\/1"}],"replies":[{"embeddable":true,"href":"https:\/\/www.przedszkoleznatury.pl\/index.php\/wp-json\/wp\/v2\/comments?post=31"}],"version-history":[{"count":1,"href":"https:\/\/www.przedszkoleznatury.pl\/index.php\/wp-json\/wp\/v2\/pages\/31\/revisions"}],"predecessor-version":[{"id":32,"href":"https:\/\/www.przedszkoleznatury.pl\/index.php\/wp-json\/wp\/v2\/pages\/31\/revisions\/32"}],"up":[{"embeddable":true,"href":"https:\/\/www.przedszkoleznatury.pl\/index.php\/wp-json\/wp\/v2\/pages\/17"}],"wp:attachment":[{"href":"https:\/\/www.przedszkoleznatury.pl\/index.php\/wp-json\/wp\/v2\/media?parent=31"}],"curies":[{"name":"wp","href":"https:\/\/api.w.org\/{rel}","templated":true}]}}